se w = -5*u - 3*w + 40, -5*u - 2*w + 30 = 0. Suppose 4*v + j = 13, -v + u*j + 10 = 2*j. Suppose -v*y = -9*y + 1245. Is y composite?
True
Let a(v) = -4410*v + 9. Let k be a(-21). Suppose -10*u - 16549 = -k. Is u a prime number?
True
Let t(u) = -u - 4. Let l be t(0). Let i be (-2)/l - 37197/(-18). Suppose 5*q = 2*q + i. Is q a prime number?
False
Is 324222/(-8)*(460/(-15))/23 prime?
True
Let n(w) = 47381*w - 798. Is n(5) a composite number?
False
Is 88/(-32) + 3 + 3 + (-2336535)/(-4) composite?
True
Let z be 496/6 - (-1)/(0 - -3). Let g = z + -36. Let t = g - -15. Is t a prime number?
False
Let i(v) = v**3 + 4 - 29 + 28*v - 13*v**2 - 19*v + 23*v. Let x(p) = -7*p**2 - 35*p - 17. Let s be x(-4). Is i(s) prime?
False
Is (-1577)/114 - -14 - (-9946)/12 a prime number?
True
Let x(v) = -180*v**3 - 62*v**2 - 11*v - 20. Is x(-15) composite?
True
Let z = 2302 - 4209. Let k = z + 4614. Is k a prime number?
True
Let p(b) = -8*b + 10. Let g be p(-12). Let c = g + -68. Is c/(-4)*(6 - 4)*-1 a prime number?
True
Let v(h) = -h**3 - 7*h**2 - 5*h - 2. Let z be v(-7). Let y = -28 + z. Suppose -3*f + y*c = -111 - 80, 2*f = -c + 136. Is f a prime number?
True
Let y be (-2)/(-5) - 680704/(-40). Suppose -4*n = 4*o + 562 - y, 0 = 2*n - 3*o - 8233. Is n prime?
False
Suppose -21*m + 25*m = 26*m - 2012846. Is m prime?
True
Suppose -12*z + 9*z = -4*c + 47912, 0 = -3*c + 5*z + 35923. Is c a composite number?
False
Suppose 4*p = -4*f + 244900, 196*p + 122432 = 198*p - f. Is p a prime number?
False
Suppose 0 = 5*r - 5*s - 101487 + 16417, r - 3*s - 17016 = 0. Suppose -2*k + 5671 = -4*v + 5*v, -3*v = -4*k - r. Is v composite?
True
Let u(r) = -8*r - 36. Let n be u(-13). Let t = n - 59. Suppose t*p - 3421 = -2*p. Is p a prime number?
True
Let m be 18/(10 + -5 - 3). Suppose -s - 47224 = -m*s. Is s a prime number?
True
Let p be (-9)/6 - 1655/(-10). Let u = p - 118. Suppose 51*z = u*z + 5695. Is z a composite number?
True
Suppose -2*n + 36198 = r, -n + 75640 = 3*r - 32944. Is r a composite number?
True
Suppose -18*a = -17*a - 4. Let x be (-19 + 21)/(2/a). Is (x - (-3 + 4)) + 537 + -2 composite?
True
Suppose -19904052 = -144*l + 16390716. Is l a prime number?
False
Let b(p) = p**3 - 12*p**2 - 3*p + 25. Let f be b(11). Let u = f - -257. Is ((-26)/(-10) - (-4)/10) + u composite?
False
Let l(g) = 15*g**2 + 33*g - 19. Let d(x) = x**3 + 4*x**2 - 21*x - 10. Let c be d(-7). Is l(c) a composite number?
False
Suppose -127*a + 4673078 = 15*a. Is a a composite number?
False
Let a(v) = 4483*v**2. Let n be a(-1). Let t be 116/26 + 276/(-598). Suppose 4*d - 5*b = n + 9898, 5*d - t*b - 17965 = 0. Is d a prime number?
False
Let c = -3003 - -6658. Let u = c - 2072. Is u a prime number?
True
Let v(y) = 11*y - 2. Let x be v(-1). Let j = 19 + x. Let t(c) = 2*c**3 - 8*c**2 + c - 1. Is t(j) composite?
False
Suppose -3779659 - 4443927 = -92*r - 14*r. Is r a prime number?
False
Suppose 4*s - 10 = 5*k, 5*s - 24 = 3*k - 5. Suppose -4*w = -3*z + 380, k*z - 137 = -2*w + 121. Let d = 203 + z. Is d composite?
False
Let z(h) = -241*h + 121. Let k be z(-15). Suppose d - k = 3*g, -d + 0*g - 4*g + 3743 = 0. Is d a prime number?
True
Let z = -438250 - -814601. Is z composite?
False
Is (-38)/(12/88812*-6) composite?
True
Let z(d) = 29*d**2 + 27*d + 2. Let v be z(-8). Suppose 5*i - 28 = -13, -l - i = -v. Is l a composite number?
True
Let c(m) = -318*m + 52. Let a be c(-6). Is a + 34/(-10) + 18/45 a prime number?
False
Let c(i) be the second derivative of 19*i**5/2 + i**4/4 - i**3/2 + 5*i**2/2 - i. Suppose -4 + 24 = 10*z. Is c(z) prime?
True
Let j = 94 + -90. Let u(i) = -2*i + 13. Let q be u(j). Is 2925 + ((-5)/q - 3) composite?
True
Suppose 6 = -2*h, 0 = -n + 9*h - 7*h + 9386. Suppose n = y - 3227. Is y a prime number?
False
Let h(x) = 4341*x**2 + 184*x - 3. Is h(-4) composite?
True
Suppose -5*v = 5*x - 56815, 4*x - 13316 = -3*v + 20777. Is v a composite number?
True
Suppose -3*d - 59325 = -3*k, -2*k - 4*d + 36732 = -2830. Is k prime?
True
Let t(l) = 352*l - 393. Suppose -4*w + 28 = 5*s, -w - 6 = 5*s + 2. Is t(w) a composite number?
True
Suppose n - 17 = 2*y, -3*y + 4*y + 1 = -n. Let i be 424/(-20) + ((-12)/10)/y. Is -2 + (-8640)/i - (-9)/(-21) prime?
True
Is (-12)/(-315)*(-98)/(-28) - 56778506/(-30) composite?
False
Let d(p) = 181*p**2 - 5*p - 7. Let w be (-80)/(-15)*-1 - (-2)/(-3). Let h be d(w). Suppose -5*q + 11949 - 1029 = -g, -2*g + h = 3*q. Is q prime?
False
Let i be ((-12)/15)/(26/65). Is (i/5)/((-2)/23605) a prime number?
True
Let f(k) = k**2 - k - 1. Let b be f(-2). Let j be (1 - 10/b) + -1987. Let a = j + 4693. Is a a composite number?
True
Let v(i) = 38*i**2 + 24*i + 1135. Is v(-96) a prime number?
True
Suppose -5*a - 3*g + 602611 = 0, 0*a - 3*g = 3*a - 361569. Is a a prime number?
False
Let z(b) = 973*b**2 - b - 15. Let u be z(5). Suppose 34*l - 29*l = u. Is l a prime number?
True
Suppose -27642 = -48*t + 12582. Is t a composite number?
True
Let n(p) = -p**2 - 15*p + 16. Let t be n(-16). Let d be (-3)/(-6)*(2 + t - -4). Suppose -d*b - 3747 = -9330. Is b composite?
False
Let o = 29 - 2. Let w = o - 23. Suppose 5*h - 3759 = 4*v, -w*v = 5*h - 7*v - 3758. Is h a prime number?
True
Let d = -4503 + 33317. Is d composite?
True
Suppose -40*u + 2913215 = -10098825. Is u prime?
True
Let m(g) = -g**3 + 26*g**2 + 51. Let u be m(26). Suppose 5*h = t + 12, -5*h = -2*t - 10*h + u. Is t prime?
True
Let t(u) be the third derivative of -15*u**2 + 0*u + 0 + 7/2*u**3 + 13/8*u**4 - 1/60*u**5. Is t(17) prime?
False
Let a = 84 + 243. Let u = a - 281. Is u composite?
True
Suppose -18 = 2*d - 32. Let j = d - 3. Suppose 0*q + c = -3*q + 1997, 0 = -j*c - 16. Is q a prime number?
False
Let u be (-2 + 5)/(0 + (-3)/(-40)). Suppose 6*n + u = n. Is (n/(-8))/((-1)/(-389)) a composite number?
False
Let k = -128528 - -487791. Is k composite?
False
Suppose 3*o - 53 = -8. Suppose 0 = -4*s - 5*u + 2*u + o, 5*u = -15. Is 1/(1/(-3518))*(-3)/s prime?
True
Let x(r) = 208*r + 138*r + 86 - 139. Is x(10) a prime number?
True
Let i(y) = 1864*y**2 + 269*y - 11. Is i(9) composite?
True
Suppose -2*y + p = -36661, 130293 = 5*y + p + 38637. Is y composite?
True
Let m be 0 - 4 - (-23 - -2) - -4. Suppose 63 + m = -4*w - 4*b, -w + 5*b = 21. Let c(y) = -17*y - 90. Is c(w) a prime number?
False
Let p = -2823 - -2825. Suppose -2*a - 2*j + 9 = j, 18 = 5*a + 3*j. Suppose 3*m + 951 = t + p*m, 4*m = -a*t + 2867. Is t prime?
True
Suppose 0*k - 52 = -2*k. Suppose 28 = o + k. Suppose -6*h - o*h = -24872. Is h prime?
True
Let x = -319776 + 821117. Is x composite?
False
Let m(v) = 6*v**2 - 73*v + 42. Let f be (-58)/2 + -20*(-11)/55. Is m(f) a composite number?
True
Suppose -25*v + 528054 + 639571 = 0. Suppose 31273 = 2*p - v. Is p a prime number?
False
Suppose -357*f + 345*f + 1081452 = 0. Is f composite?
False
Let x(n) = 3*n**3 - 5*n + 6. Let w be x(1). Suppose 1320 = w*h + 4*f - 2*f, 3*f - 6 = 0. Is h a prime number?
False
Suppose 16 - 1 = -5*p, -3*o + 4*p = -48. Suppose -89287 = -o*j + j. Is j a composite number?
False
Let k = -11 + 21. Is (-3)/k*-2 + (-63756)/(-90) composite?
False
Let k(j) = 59*j. Let g be 0 - 18/2*(-6)/9. Suppose 0*d - g*d + 30 = 0. Is k(d) a prime number?
False
Let f = 142107 + 133696. Is f prime?
False
Let i be -4 + 7 - 3*-3404. Let g be (2 - 5/3)/(5/i). Suppose v - g = -40. Is v prime?
True
Suppose 15*c - 1801249 - 5920348 = -610802. Is c a prime number?
False
Suppose 24*p = 35*p + 1265. Is 92/p + 124398/10 composite?
True
Let g(a) = a**3 + 23*a**2 + 17*a + 116. Let b be g(-22). Suppose b*c = 225*c + 41489. Is c prime?
False
Suppose -69*d = -56*d - 605449. Is d prime?
True
Suppose 3*s = -2*j + 72423, -11215 = -2*j - 2*s + 61209. Is j composite?
True
Let d(f) = -3*f + 4*f**2 + 14*f - 2*f - 28 - 4*f. Is d(9) a prime number?
False
Suppose -m - 27 = -4*o, -4*m + m + 5*o - 46 = 0. Is (2/4)/(31739/4534 + m) composite?
False
Suppose r = -1 + 5. Let b be (-42)/(6*(-2)/512). Suppose -r*v - 4*h = -b, -5*h + 0*h = -4*v + 1747. Is v prime?
True
Let c = 9752 - -3041. Is c a composite number?
True
Suppose -27 + 4 = -3*u + 4*x, -3*u + 19 = -2*x. Suppose u*h + 44 = 59. Suppose h*g - 3341 = -10*g. Is g a prime number?
True
Let v be (12/15)/(7/(-60725)). Let w = v - -14219. Is w composite?
True
Suppose 3*f = -4*f + 154. Let l = f + -18. Suppose -369 = -l*r + 8